{"id":2630,"date":"2014-10-31T09:03:48","date_gmt":"2014-10-31T09:03:48","guid":{"rendered":"http:\/\/www.brandexponents.com\/oshin\/v7\/?page_id=2630"},"modified":"2019-02-15T15:34:01","modified_gmt":"2019-02-15T14:34:01","slug":"about-me","status":"publish","type":"page","link":"https:\/\/cmp.nu\/index.php\/about-me\/","title":{"rendered":"About Me-v7"},"content":{"rendered":"<div  class=\"tatsu-fqoy1hek5j5zjwnq tatsu-section    tatsu-clearfix\" data-title=\"\"  data-headerscheme=\"background--light\"><div class='tatsu-section-pad clearfix' data-padding='{\"d\":\"90px 0% 90px 0%\"}' data-padding-top='90px'><div class=\"tatsu-row-wrap  tatsu-wrap tatsu-row-has-one-half tatsu-row-has-two-cols tatsu-medium-gutter tatsu-reg-cols  tatsu-clearfix tatsu-fqoy1hek66aobc7h\" ><div  class=\"tatsu-row \" ><div  class=\"tatsu-column  tatsu-column-no-bg tatsu-one-half tatsu-column-image-none tatsu-column-effect-none  tatsu-fqoy1hek6d5q2n8f\" data-animation=\"flipInX\"   data-parallax-speed=\"0\" style=\"\"><div class=\"tatsu-column-inner \" ><div class=\"tatsu-column-pad-wrap\"><div class=\"tatsu-column-pad\" ><div  class=\"tatsu-module tatsu-text-block-wrap tatsu-fqoy1hek6r6paowc  \"><div class=\"tatsu-text-inner   clearfix\" data-animation=\"fadeIn\"  ><style>.tatsu-fqoy1hek6r6paowc.tatsu-text-block-wrap .tatsu-text-inner{text-align: left;}<\/style>\n<p><img decoding=\"async\" loading=\"lazy\" class=\"alignnone size-medium wp-image-3319 alignright\" src=\"https:\/\/pelle.cmp.nu\/wp-content\/uploads\/2018\/11\/Pelle_1_sv-194x300.jpg\" alt=\"\" width=\"194\" height=\"300\" srcset=\"https:\/\/cmp.nu\/wp-content\/uploads\/2018\/11\/Pelle_1_sv-194x300.jpg 194w, https:\/\/cmp.nu\/wp-content\/uploads\/2018\/11\/Pelle_1_sv-600x929.jpg 600w, https:\/\/cmp.nu\/wp-content\/uploads\/2018\/11\/Pelle_1_sv-768x1189.jpg 768w, https:\/\/cmp.nu\/wp-content\/uploads\/2018\/11\/Pelle_1_sv-661x1024.jpg 661w, https:\/\/cmp.nu\/wp-content\/uploads\/2018\/11\/Pelle_1_sv-32x50.jpg 32w, https:\/\/cmp.nu\/wp-content\/uploads\/2018\/11\/Pelle_1_sv-650x1006.jpg 650w, https:\/\/cmp.nu\/wp-content\/uploads\/2018\/11\/Pelle_1_sv-1000x1548.jpg 1000w, https:\/\/cmp.nu\/wp-content\/uploads\/2018\/11\/Pelle_1_sv.jpg 1024w\" sizes=\"(max-width: 194px) 100vw, 194px\" \/><\/p>\n<\/div><\/div><\/div><\/div><div class = \"tatsu-column-bg-image-wrap\"><div class = \"tatsu-column-bg-image\" ><\/div><\/div><\/div><style>.tatsu-row > .tatsu-fqoy1hek6d5q2n8f.tatsu-column{width: 50%;}.tatsu-fqoy1hek6d5q2n8f.tatsu-column > .tatsu-column-inner > .tatsu-column-pad-wrap > .tatsu-column-pad{padding: 0% 0% 0% 0%;}.tatsu-fqoy1hek6d5q2n8f.tatsu-column > .tatsu-column-inner > .tatsu-column-overlay{mix-blend-mode: none;}.tatsu-fqoy1hek6d5q2n8f > .tatsu-column-inner > .tatsu-top-divider{z-index: 9999;}.tatsu-fqoy1hek6d5q2n8f > .tatsu-column-inner > .tatsu-bottom-divider{z-index: 9999;}.tatsu-fqoy1hek6d5q2n8f > .tatsu-column-inner > .tatsu-left-divider{z-index: 9999;}.tatsu-fqoy1hek6d5q2n8f > .tatsu-column-inner > .tatsu-right-divider{z-index: 9999;}.tatsu-fqoy1hek6d5q2n8f.tatsu-column{transform: translate3d(0px,0px, 0);}@media only screen and (max-width: 767px) {.tatsu-row > .tatsu-fqoy1hek6d5q2n8f.tatsu-column{width: 100%;}}<\/style><\/div><div  class=\"tatsu-column  tatsu-column-no-bg tatsu-one-half tatsu-column-image-none tatsu-column-effect-none  tatsu-fqoy1hekaiawjdtj\" data-animation=\"flipInX\"   data-parallax-speed=\"0\" style=\"\"><div class=\"tatsu-column-inner \" ><div class=\"tatsu-column-pad-wrap\"><div class=\"tatsu-column-pad\" ><div  class=\"tatsu-module tatsu-text-block-wrap tatsu-fqoy1hekb98vwiqm  \"><div class=\"tatsu-text-inner tatsu-align-center  clearfix\" data-animation=\"fadeIn\"  ><style>.tatsu-fqoy1hekb98vwiqm.tatsu-text-block-wrap .tatsu-text-inner{text-align: left;}<\/style>\n<h2><span style=\"letter-spacing: 2px; color: #ffffff;\">PELLE JANSSON<\/span><\/h2>\n<\/div><\/div><div  class=\"special-subtitle-wrap  tatsu-fqoy1hekehdxmzfo   tatsu-animate \" data-animation=\"fadeIn\"   ><div class=\"align-left\"><span class=\"special-subtitle\" >Stockholmsbaserad Portr\u00e4tt-, Br\u00f6llops- och Musikfotograf<\/span><\/div><style>.tatsu-fqoy1hekehdxmzfo .special-subtitle{font-size: 16px;color: #af9f66 ;}<\/style><\/div><div  class=\"tatsu-module tatsu-text-block-wrap tatsu-fqoy1hekh9e8jc1a  \"><div class=\"tatsu-text-inner tatsu-align-center  clearfix\" data-animation=\"fadeIn\"  ><style>.tatsu-fqoy1hekh9e8jc1a.tatsu-text-block-wrap .tatsu-text-inner{text-align: left;}<\/style>\n<p>Jag har alltid tyckt om att fota, att f\u00f6rs\u00f6ka f\u00e5nga k\u00e4nslan och det jag ser p\u00e5 bild, att frysa tiden och f\u00e5nga st\u00e4mningen i just det \u00f6gonblicket.<\/p>\n<p>Jag k\u00f6pte min f\u00f6rsta digitalkamera runt milleniumskiftet och genast blev allt mycket enklare &#8211; fota, &#8220;framkalla&#8221;, dela med mig av bilder p\u00e5 internet. Mitt f\u00f6rdjupade intresse ledde till att jag s\u00e5 sm\u00e5ningom startade mitt egna f\u00f6retag, Cowmob Photography, 2013, och sedan sommaren 2018 \u00e4r detta min huvudsakliga syssla.<\/p>\n<p>Jag brinner f\u00f6r att fota musik i alla dess former, och jag har blivit mer inriktad p\u00e5 extrem metal, s\u00e5som Death-, Thrash- och Black Metal, men tycker \u00e4ven att det \u00e4r fantastiskt roligt att f\u00e5 f\u00f6reviga br\u00f6llop. Det \u00e4r en sak som \u00e4r s\u00e5 roligt med detta yrket &#8211; tv\u00e5 ytterligheter och jag f\u00e5r n\u00f6jet att fota b\u00e5da.<\/p>\n<p>Jag har en egen studio i Stureby, strax s\u00f6der om Stockholm, som \u00e4r l\u00e4tt att ta sig till b\u00e5de kommunalt och med bil.<\/p>\n<p>V\u00e4lkomna till min v\u00e4rld!<\/p>\n<\/div><\/div><div  class=\"tatsu-module tatsu-text-block-wrap tatsu-fqoy1hekjv5aer40  \"><div class=\"tatsu-text-inner tatsu-align-center  clearfix\" data-animation=\"fadeIn\"  ><style>.tatsu-fqoy1hekjv5aer40.tatsu-text-block-wrap .tatsu-text-inner{text-align: left;}<\/style>\n<h3><em>Pelle<\/em><\/h3>\n<\/div><\/div><\/div><\/div><div class = \"tatsu-column-bg-image-wrap\"><div class = \"tatsu-column-bg-image\" ><\/div><\/div><\/div><style>.tatsu-row > .tatsu-fqoy1hekaiawjdtj.tatsu-column{width: 50%;}.tatsu-fqoy1hekaiawjdtj.tatsu-column > .tatsu-column-inner > .tatsu-column-pad-wrap > .tatsu-column-pad{padding: 0% 0% 0% 0%;}.tatsu-fqoy1hekaiawjdtj.tatsu-column > .tatsu-column-inner > .tatsu-column-overlay{mix-blend-mode: none;}.tatsu-fqoy1hekaiawjdtj > .tatsu-column-inner > .tatsu-top-divider{z-index: 9999;}.tatsu-fqoy1hekaiawjdtj > .tatsu-column-inner > .tatsu-bottom-divider{z-index: 9999;}.tatsu-fqoy1hekaiawjdtj > .tatsu-column-inner > .tatsu-left-divider{z-index: 9999;}.tatsu-fqoy1hekaiawjdtj > .tatsu-column-inner > .tatsu-right-divider{z-index: 9999;}.tatsu-fqoy1hekaiawjdtj.tatsu-column{transform: translate3d(0px,0px, 0);}@media only screen and (max-width: 767px) {.tatsu-row > .tatsu-fqoy1hekaiawjdtj.tatsu-column{width: 100%;}}<\/style><\/div><\/div><\/div><\/div><div class=\"tatsu-section-background-wrap\"><div class = \"tatsu-section-background\" ><\/div><\/div><style>.tatsu-fqoy1hek5j5zjwnq{border-width: 0px 0px px 0px;border-style: solid;}.tatsu-fqoy1hek5j5zjwnq .tatsu-section-pad{padding: 90px 0% 90px 0%;}.tatsu-fqoy1hek5j5zjwnq > .tatsu-bottom-divider{z-index: 9999;}.tatsu-fqoy1hek5j5zjwnq > .tatsu-top-divider{z-index: 9999;}@media only screen and (max-width:1377px) {.tatsu-fqoy1hek5j5zjwnq{border-style: solid;}}@media only screen and (min-width:768px) and (max-width: 1024px) {.tatsu-fqoy1hek5j5zjwnq{border-style: solid;}}@media only screen and (max-width: 767px) {.tatsu-fqoy1hek5j5zjwnq{border-style: solid;}}<\/style><\/div><div  class=\"tatsu-fqoy1hekn5fjj4dz tatsu-section    tatsu-clearfix\" data-title=\"\"  data-headerscheme=\"background--light\"><div class='tatsu-section-pad clearfix' data-padding='{\"d\":\"90px 0% 90px 0%\"}' data-padding-top='90px'><div class=\"tatsu-row-wrap  tatsu-wrap tatsu-row-one-col tatsu-row-has-one-cols tatsu-medium-gutter tatsu-reg-cols  tatsu-clearfix tatsu-fqoy1heknjcyd1gq\" ><div  class=\"tatsu-row \" ><div  class=\"tatsu-column  tatsu-column-no-bg tatsu-one-col tatsu-column-image-none tatsu-column-effect-none  tatsu-fqoy1heknobnh8eo\" data-animation=\"fadeIn\"   data-parallax-speed=\"0\" style=\"\"><div class=\"tatsu-column-inner \" ><div class=\"tatsu-column-pad-wrap\"><div class=\"tatsu-column-pad\" ><div  class=\"special-heading-wrap style2 oshine-module align-center tatsu-fqoy1hekntdvr18t   tatsu-animate \" data-animation=\"fadeIn\"  ><div class=\"special-heading\" ><h5 class=\"special-h-tag\" >INSTAGRAM SHOTS<\/h5><\/div><style>.tatsu-fqoy1hekntdvr18t .special-h-tag{color: #af9f66 ;}.tatsu-fqoy1hekntdvr18t .special-heading{border-color: #af9f66; border-width: 3px;padding: 10px 30px 10px 30px;}<\/style><\/div><\/div><\/div><div class = \"tatsu-column-bg-image-wrap\"><div class = \"tatsu-column-bg-image\" ><\/div><\/div><\/div><style>.tatsu-row > .tatsu-fqoy1heknobnh8eo.tatsu-column{width: 100%;}.tatsu-fqoy1heknobnh8eo.tatsu-column > .tatsu-column-inner > .tatsu-column-overlay{mix-blend-mode: none;}.tatsu-fqoy1heknobnh8eo > .tatsu-column-inner > .tatsu-top-divider{z-index: 9999;}.tatsu-fqoy1heknobnh8eo > .tatsu-column-inner > .tatsu-bottom-divider{z-index: 9999;}.tatsu-fqoy1heknobnh8eo > .tatsu-column-inner > .tatsu-left-divider{z-index: 9999;}.tatsu-fqoy1heknobnh8eo > .tatsu-column-inner > .tatsu-right-divider{z-index: 9999;}.tatsu-fqoy1heknobnh8eo.tatsu-column{transform: translate3d(0px,0px, 0);}<\/style><\/div><\/div><\/div><div class=\"tatsu-row-wrap  tatsu-wrap tatsu-row-one-col tatsu-row-has-one-cols tatsu-medium-gutter tatsu-reg-cols  tatsu-clearfix tatsu-fqoy1heks69hvs5y\" ><div  class=\"tatsu-row \" ><div  class=\"tatsu-column  tatsu-column-no-bg tatsu-one-col tatsu-column-image-none tatsu-column-effect-none  tatsu-fqoy1heksq9ok78n\" data-animation=\"fadeIn\"   data-parallax-speed=\"0\" style=\"\"><div class=\"tatsu-column-inner \" ><div class=\"tatsu-column-pad-wrap\"><div class=\"tatsu-column-pad\" ><p class=\"element-empty-message\"><b>Instagram Error : <\/b>Invalid OAuth access token - Cannot parse access token<\/p><\/div><\/div><div class = \"tatsu-column-bg-image-wrap\"><div class = \"tatsu-column-bg-image\" ><\/div><\/div><\/div><style>.tatsu-row > .tatsu-fqoy1heksq9ok78n.tatsu-column{width: 100%;}.tatsu-fqoy1heksq9ok78n.tatsu-column > .tatsu-column-inner > .tatsu-column-overlay{mix-blend-mode: none;}.tatsu-fqoy1heksq9ok78n > .tatsu-column-inner > .tatsu-top-divider{z-index: 9999;}.tatsu-fqoy1heksq9ok78n > .tatsu-column-inner > .tatsu-bottom-divider{z-index: 9999;}.tatsu-fqoy1heksq9ok78n > .tatsu-column-inner > .tatsu-left-divider{z-index: 9999;}.tatsu-fqoy1heksq9ok78n > .tatsu-column-inner > .tatsu-right-divider{z-index: 9999;}.tatsu-fqoy1heksq9ok78n.tatsu-column{transform: translate3d(0px,0px, 0);}<\/style><\/div><\/div><\/div><\/div><div class=\"tatsu-section-background-wrap\"><div class = \"tatsu-section-background\" ><\/div><\/div><style>.tatsu-fqoy1hekn5fjj4dz.tatsu-section{background-color: #161616;}.tatsu-fqoy1hekn5fjj4dz{border-width: 0px 0px px 0px;border-style: solid;}.tatsu-fqoy1hekn5fjj4dz .tatsu-section-pad{padding: 90px 0% 90px 0%;}.tatsu-fqoy1hekn5fjj4dz > .tatsu-bottom-divider{z-index: 9999;}.tatsu-fqoy1hekn5fjj4dz > .tatsu-top-divider{z-index: 9999;}@media only screen and (max-width:1377px) {.tatsu-fqoy1hekn5fjj4dz{border-style: solid;}}@media only screen and (min-width:768px) and (max-width: 1024px) {.tatsu-fqoy1hekn5fjj4dz{border-style: solid;}}@media only screen and (max-width: 767px) {.tatsu-fqoy1hekn5fjj4dz{border-style: solid;}}<\/style><\/div>\n","protected":false},"excerpt":{"rendered":"<p><a href=\"https:\/\/cmp.nu\/index.php\/about-me\/\" class=\"more-link style1-button\">Read More<\/a><\/p>","protected":false},"author":1,"featured_media":0,"parent":0,"menu_order":0,"comment_status":"open","ping_status":"closed","template":"","meta":{"jetpack_post_was_ever_published":false},"jetpack_sharing_enabled":true,"jetpack_shortlink":"https:\/\/wp.me\/PaD10l-Gq","_links":{"self":[{"href":"https:\/\/cmp.nu\/index.php\/wp-json\/wp\/v2\/pages\/2630"}],"collection":[{"href":"https:\/\/cmp.nu\/index.php\/wp-json\/wp\/v2\/pages"}],"about":[{"href":"https:\/\/cmp.nu\/index.php\/wp-json\/wp\/v2\/types\/page"}],"author":[{"embeddable":true,"href":"https:\/\/cmp.nu\/index.php\/wp-json\/wp\/v2\/users\/1"}],"replies":[{"embeddable":true,"href":"https:\/\/cmp.nu\/index.php\/wp-json\/wp\/v2\/comments?post=2630"}],"version-history":[{"count":6,"href":"https:\/\/cmp.nu\/index.php\/wp-json\/wp\/v2\/pages\/2630\/revisions"}],"predecessor-version":[{"id":3781,"href":"https:\/\/cmp.nu\/index.php\/wp-json\/wp\/v2\/pages\/2630\/revisions\/3781"}],"wp:attachment":[{"href":"https:\/\/cmp.nu\/index.php\/wp-json\/wp\/v2\/media?parent=2630"}],"curies":[{"name":"wp","href":"https:\/\/api.w.org\/{rel}","templated":true}]}}